ed by 1393?
1084
What is the remainder when 65300542 is divided by 288?
286
Calculate the remainder when 666800 is divided by 49.
8
Calculate the remainder when 165523 is divided by 113.
91
What is the remainder when 193651196 is divided by 13?
11
What is the remainder when 2550031 is divided by 94?
93
Calculate the remainder when 7283070 is divided by 9977.
9837
Calculate the remainder when 364756 is divided by 3514.
2814
Calculate the remainder when 42543725 is divided by 4254372.
5
Calculate the remainder when 768440789 is divided by 241.
239
What is the remainder when 2273330 is divided by 2262?
20
Calculate the remainder when 843887 is divided by 2209.
49
What is the remainder when 26186 is divided by 13077?
32
Calculate the remainder when 1518571 is divided by 6998.
5
What is the remainder when 2882805 is divided by 682?
673
Calculate the remainder when 14266921 is divided by 3566707.
93
What is the remainder when 454190 is divided by 65?
35
What is the remainder when 132493 is divided by 470?
423
Calculate the remainder when 1955513 is divided by 63081.
2
What is the remainder when 203890172 is divided by 864?
860
Calculate the remainder when 6825761 is divided by 2912.
33
Calculate the remainder when 8311387 is divided by 448.
91
What is the remainder when 2047089 is divided by 276?
273
What is the remainder when 1777208 is divided by 15?
8
What is the remainder when 13957138 is divided by 111?
109
What is the remainder when 251430 is divided by 7648?
6694
What is the remainder when 2094007 is divided by 1200?
7
Calculate the remainder when 340437 is divided by 422.
305
Calculate the remainder when 33920103 is divided by 16960051.
1
What is the remainder when 14416 is divided by 1807?
1767
What is the remainder when 2017352 is divided by 1127?
22
Calculate the remainder when 30461 is divided by 29592.
869
Calculate the remainder when 6976731 is divided by 233.
12
What is the remainder when 2733457 is divided by 58?
33
What is the remainder when 1488734 is divided by 37218?
14
What is the remainder when 171653 is divided by 171537?
116
What is the remainder when 233801 is divided by 73462?
13415
Calculate the remainder when 62901 is divided by 62860.
41
Calculate the remainder when 4931721 is divided by 1110.
1101
Calculate the remainder when 30005 is divided by 4246.
283
What is the remainder when 10013651 is divided by 12580?
12551
What is the remainder when 41235879 is divided by 340?
339
What is the remainder when 10362102 is divided by 6?
0
What is the remainder when 2546930 is divided by 148?
146
What is the remainder when 786070 is divided by 29113?
19
Calculate the remainder when 39341 is divided by 39142.
199
Calculate the remainder when 1028596 is divided by 195.
166
Calculate the remainder when 133653 is divided by 718.
105
What is the remainder when 2351056 is divided by 90424?
32
What is the remainder when 13143 is divided by 1710?
1173
What is the remainder when 8294 is divided by 7038?
1256
Calculate the remainder when 31089720 is divided by 4223.
4217
What is the remainder when 319152 is divided by 784?
64
What is the remainder when 4240900 is divided by 605841?
13
Calculate the remainder when 315550 is divided by 97.
9
Calculate the remainder when 900658 is divided by 376.
138
Calculate the remainder when 11116 is divided by 10205.
911
What is the remainder when 35516 is divided by 3716?
2072
Calculate the remainder when 20099740 is divided by 6699886.
82
What is the remainder when 342902 is divided by 254?
2
Calculate the remainder when 19668 is divided by 1859.
1078
Calculate the remainder when 1631148 is divided by 1522.
1086
Calculate the remainder when 713018 is divided by 2996.
2966
What is the remainder when 293950 is divided by 688?
174
What is the remainder when 5225003 is divided by 191?
7
Calculate the remainder when 3142489 is divided by 56.
49
Calculate the remainder when 335203684 is divided by 8758.
8750
Calculate the remainder when 356 is divided by 306.
50
Calculate the remainder when 31540343 is divided by 599.
597
Calculate the remainder when 5375687 is divided by 68919.
5
Calculate the remainder when 809031 is divided by 8178.
7587
What is the remainder when 5813 is divided by 161?
17
Calculate the remainder when 12666511 is divided by 136199.
4
What is the remainder when 16314871 is divided by 334?
307
Calculate the remainder when 2361204 is divided by 704.
692
What is the remainder when 21287 is divided by 6862?
701
Calculate the remainder when 131839 is divided by 308.
15
What is the remainder when 3409675 is divided by 3111?
19
Calculate the remainder when 219802 is divided by 219745.
57
Calculate the remainder when 1562712 is divided by 1338.
1266
Calculate the remainder when 3787254 is divided by 84.
30
What is the remainder when 361581 is divided by 372?
369
What is the remainder when 958741 is divided by 85?
26
Calculate the remainder when 88334 is divided by 1154.
630
Calculate the remainder when 2777995 is divided by 51.
25
Calculate the remainder when 211423 is divided by 70462.
37
Calculate the remainder when 157577 is divided by 8046.
4703
What is the remainder when 51233858 is divided by 209?
16
What is the remainder when 26608047 is divided by 2451?
2442
What is the remainder when 33789804 is divided by 34?
26
What is the remainder when 160637033 is divided by 215?
213
Calculate the remainder when 47873668 is divided by 2852.
2848
What is the remainder when 21517217 is divided by 44?
29
What is the remainder when 761358 is divided by 58565?
13
Calculate the remainder when 186357 is divided by 327.
294
What is the remainder when 19500591 is divided by 971?
969
Calculate the remainder when 108994297 is divided by 158192.
9
Calculate the remainder when 985868 is divided by 566.
462
Calculate the remainder when 493720 is divided by 12991.
62
Calculate the remainder when 61904 is divided by 5105.
644
Calculate the remainder when 19674459 is divided by 2609.
2599
What is the remainder when 1013088 is divided by 3720?
1248
What is the remainder when 1078222 is divided by 1818?
148
Calculate the remainder when 1012446 is divided by 10.
6
Calculate the remainder when 2737670 is divided by 28.
26
What is the remainder when 710874 is divided by 53?
38
Calculate the remainder when 70491876 is divided by 5874323.
0
Calculate the remainder when 28259177 is divided by 913.
1
Calculate the remainder when 655871 is divided by 72869.
50
Calculate the remainder when 352827 is divided by 92.
7
Calculate the remainder when 3309431 is divided by 1255.
1251
What is the remainder when 78470005 is divided by 4720?
5
Calculate the remainder when 16731 is divided by 1521.
0
Calculate the remainder when 284754 is divided by 56914.
184
Calculate the remainder when 4557925 is divided by 1139481.
1
What is the remainder when 2905630 is divided by 116?
62
Calculate the remainder when 163107839 is divided by 163107813.
26
What is the remainder when 1144044 is divided by 81?
0
Calculate the remainder when 26692805 is divided by 8897589.
38
What is the remainder when 434514697 is divided by 62073527?
8
What is the remainder when 422203 is divided by 140717?
52
What is the remainder when 1217279 is divided by 4299?
662
What is the remainder when 10609066 is divided by 333?
19
What is the remainder when 8313894 is divided by 923765?
9
What is the remainder when 1812722 is divided by 5?
2
What is the remainder when 480529 is divided by 1040?
49
Calculate the remainder when 499863588 is divided by 281.
275
Calculate the remainder when 45858121 is divided by 1540.
1
Calculate the remainder when 1318785 is divided by 412.
385
What is the remainder when 1008588 is divided by 252136?
44
What is the remainder when 8147673 is divided by 1337?
1332
Calculate the remainder when 28262631 is divided by 4710436.
15
Calculate the remainder when 214657948 is divided by 310.
308
What is the remainder when 42267499 is divided by 210286?
13
What is the remainder when 1669805 is divided by 417447?
17
Calculate the remainder when 54844336 is divided by 518.
50
What is the remainder when 634467777 is divided by 18?
15
Calculate the remainder when 38852122 is divided by 65.
62
Calculate the remainder when 7034432 is divided by 109913.
0
C